the tens digit of m(g)?
2
Let s(j) = 3*j**2 + 14*j + 31. Let d be ((-12)/(-5))/((-34)/85). What is the tens digit of s(d)?
5
Suppose -238*r + 213*r = -9625. What is the tens digit of r?
8
Suppose -7 + 1 = -2*t. Suppose 0 = o + o. Suppose -15 = -t*h - o. What is the units digit of h?
5
Let o(j) be the third derivative of j**5/60 - j**4/4 + 5*j**3/3 - 5*j**2. Let c be o(4). Suppose -38 = -0*d - c*d. What is the units digit of d?
9
Suppose 2*f - 7*f + 11338 = -4*l, 4*l = -3*f + 6822. What is the hundreds digit of f?
2
Let q(f) = 1 + 4 + 12*f**2 - 12 + f**3 + 10*f. Let m be q(-11). Suppose 3*a = -6, 6*r - 123 = r + m*a. What is the units digit of r?
3
Let a = 644 + -79. What is the hundreds digit of a?
5
Suppose 4*v = p + 3300, 5*p - 982 = -2*v + 690. What is the units digit of v?
6
Suppose 373 = 7*b - 544. What is the tens digit of b?
3
Suppose 6*f = 7*f - 417. What is the units digit of f?
7
What is the thousands digit of (208460/(-210))/(0 + 6/(-9))?
1
Suppose 2*p - 12 = -s - 2, -5*p - 3*s + 25 = 0. Suppose g - 3*f = -0*g + 33, -p = 5*f. What is the tens digit of (54/(-7))/(g/(-140))?
3
Suppose 8*d = -5*d + 11310. What is the units digit of d?
0
Let w(c) = 32*c**3 + 2*c**2 - 2*c. Let n be w(1). Suppose -2*a + 28 = 5*u, 0*a - 4*a + 2*u + n = 0. Let v(j) = j**2 - 6*j - 9. What is the tens digit of v(a)?
1
Let d(u) = u**3 - 15*u**2 - 18*u + 28. Let v be d(16). What is the units digit of (-4 - -1 - 1)*35/v?
5
Suppose -28*m + 6456 = -656. What is the tens digit of m?
5
Let q = -988 + 1571. Suppose -t - q = -4*f, 2*f + 4*t - 319 = -t. What is the hundreds digit of f?
1
Let w(h) = 61*h**2 - 4*h - 4. Let b be w(-1). Let m = 73 + b. What is the tens digit of m?
3
Suppose 0 = -4*r + 5*m - 16 - 13, 2*r + 7 = m. Let q(x) = -x. What is the units digit of q(r)?
1
Suppose -4*d + 3*h = -3603, -6*h + 2705 = 3*d - 11*h. What is the hundreds digit of d?
9
Let u(w) = 6*w**2 - 8*w + 9. What is the hundreds digit of u(8)?
3
Let q = -10 + 13. Suppose -3*w + 0 = q, 2*l - 2*w = 0. Let m = l - -23. What is the units digit of m?
2
Let a = -890 - -2491. What is the units digit of a?
1
Suppose 0 = n + 4 - 15. Let p(x) = -7*x**2 - 3*x + 4. Let v(b) = -13*b**2 - 6*b + 7. Let o(a) = n*p(a) - 6*v(a). What is the units digit of o(-6)?
0
Suppose -a = n - 68, 180 = -n + 4*n - 5*a. Suppose -2*g - 17 = -n. What is the tens digit of g?
2
Let w be (-3)/9 + (-1)/(9/1293). Let b = -16 - w. What is the tens digit of b?
2
Let t = 67 - 63. Let q = -6 + 10. Suppose -2*x - z + 2 = -t, 0 = 2*x - q*z + 4. What is the units digit of x?
2
Let l = 91 + 113. Let b = l - 101. What is the tens digit of b?
0
Let t(u) = u**3 + 13*u**2 + 8*u - 16. Let n be t(-10). Suppose -2*b + 108 + 101 = 3*o, -3*o + 3*b + n = 0. What is the tens digit of o?
6
Let u(h) = 34*h**2 + 8*h + 27. What is the tens digit of u(7)?
4
Suppose s = -2*i + 2*s + 3, -9 = -5*i + 2*s. Suppose i*t - 20 = -t. Suppose 0 = 4*v + 4*n - 104, 27 = 2*v - t*n - 4. What is the units digit of v?
3
Let c = 20 + -46. What is the tens digit of c/(-117) - (-806)/18?
4
Let k be (5 + -57)/(4/(-6)). Suppose 0 = 2*p + i - 70, -2*i + k = 2*p + i. Suppose 3*v = 5*s - 41, 5*v = -4*s + p + 22. What is the tens digit of s?
1
Suppose -17*l + 26*l = 252. What is the units digit of l?
8
Let f = -170 + 99. Let g = f + 51. Let v = 29 + g. What is the units digit of v?
9
Suppose 5*g + 10 = 0, o + 4*g - 343 = -0*o. Let v = -219 + o. What is the units digit of v?
2
Suppose -475 = -5*m + 5*i, 3*m + 0*i - 261 = -3*i. Let t = -46 + m. What is the units digit of t?
5
Suppose -5*f - 76 = -101. Suppose -1 = -i - 4*g + 8, -3*i = f*g - 62. What is the units digit of i?
9
Suppose 3*d + 2*d - 1940 = -4*c, -d - 3*c = -388. What is the hundreds digit of d?
3
Let t be 4*19 + 0/1. Suppose -110 = -5*n - 5*z, -5*n + 34 + t = -z. Suppose 0 = -f + 2*f + 3*l - 10, -n = -f + l. What is the tens digit of f?
1
Suppose -t + 947 = 4*h - 718, -3*h + 1242 = 3*t. Suppose 5*a = -h + 1292. What is the tens digit of a?
7
Let p(q) = -3*q + 2. Let t = -17 + 15. Let i be p(t). Suppose 3*u = -7 - i, -4*c = -2*u - 162. What is the units digit of c?
8
Let g(a) be the first derivative of 1 + 1/3*a**3 - 16*a - 4*a**2. What is the tens digit of g(11)?
1
Suppose -18 = -13*u + 21. What is the units digit of u?
3
Suppose 9 = w - 2*w. Suppose 20 = -l - v, l + 2*v + 100 = -4*l. Let m = w - l. What is the tens digit of m?
1
Let m(c) be the first derivative of -c + 3/2*c**2 - 2. What is the tens digit of m(5)?
1
Suppose -5*f + 10 = -10*f. What is the tens digit of (-42)/35*95/f?
5
Let d = 2685 - 1344. What is the hundreds digit of d?
3
Suppose 0 = -15*x + 11*x + 60. Suppose -304 = -o + d, x + 1 = -4*d. What is the tens digit of (2/(-4))/((-5)/o)?
3
Suppose j + 1 = -4, -5*p + 4*j + 35 = 0. Suppose p = 3*w - 0*w, -4*w = -4*v + 72. What is the tens digit of v?
1
Let f(s) = 51*s + 25. What is the tens digit of f(6)?
3
Suppose 70*w + 1954 = 75*w - 2*u, -799 = -2*w - 5*u. What is the hundreds digit of w?
3
Let k(a) = 4*a**2 - a - 1. Let i be k(-7). Let x = i + -111. What is the units digit of x?
1
Let c be (173 - 9/3) + 1. Suppose 0 = -5*x - 2*p + 106 + c, -3*x - p + 167 = 0. What is the units digit of x?
7
Let t be (-96)/(-4 - 0)*-3. Let v be (t/(-15))/((-1)/(-5)). What is the units digit of (-2)/(-6) + 208/v?
9
Let p be (1 + 3)*114/12. What is the units digit of p + (1 - 1) + -1?
7
Let k(i) = -14*i**3 + 2*i**2 - i. Let n be k(1). Let o = n - -18. What is the units digit of o/4 - 4/16?
1
Suppose 0*k - 2*k + 5*i = -2940, -3*i = -5*k + 7331. What is the thousands digit of k?
1
Let i be (15/2 - 3)*6. Let f be (-8)/36 + 330/i. What is the tens digit of 2/f + 231/18?
1
Let y(w) = w**3 - 2*w**2 - 2*w + 7. Let h be y(5). Suppose m = x - h, -x + 3*m + 68 = -0*m. What is the units digit of x?
4
Suppose -5*r = d - 4*d + 3718, -4*d - 2*r = -4914. What is the hundreds digit of d?
2
Let n be 2/(2/9) - 1. Suppose 8 = 4*h - n, -3*h + 196 = 2*a. What is the tens digit of a?
9
Suppose 0 = v + 93 + 343. Let i = -96 - v. What is the tens digit of i?
4
Suppose 613 = 3*v + 154. What is the units digit of v?
3
What is the hundreds digit of 347 + (-3)/(12/8)?
3
Let t(m) = 53*m**2 - 2*m. What is the hundreds digit of t(-2)?
2
Let a(z) = 353*z**2 - 7*z - 2. What is the hundreds digit of a(2)?
3
Let o = -529 - -1131. Suppose o + 307 = 9*x. What is the hundreds digit of x?
1
Let x = 39 + -31. Let v(r) = r**2 - 5*r - 5. What is the tens digit of v(x)?
1
Let g = -1267 + 2368. What is the units digit of g?
1
Suppose b + 56 = 2*t + t, -2*t + 26 = 5*b. What is the units digit of (t/(-12))/(6/(-152))?
8
Suppose 14*v = 17*v - 177. What is the tens digit of v?
5
Let k = 536 + -536. Let n(q) = 2*q + 0*q + 32 + 22. What is the units digit of n(k)?
4
Let s be 0/14 - (1 + -3). Suppose -2*u - 4*h + 16 = 2*u, -5*h = s*u - 8. Suppose 0 = -w - 5*z + u*z + 20, -5*w = 4*z - 99. What is the tens digit of w?
1
Let y(j) be the second derivative of 7*j**6/720 + j**5/40 - 2*j**4/3 - 2*j. Let o(l) be the third derivative of y(l). What is the units digit of o(4)?
1
Let s(a) = 3*a**2 + 6*a - 1. Let d(k) = -13*k**2 - 23*k + 5. Let n(z) = 2*d(z) + 9*s(z). Let v be n(-7). What is the tens digit of (372/18)/((-4)/v)?
3
Let j = 7 + 3. Suppose -26 = -4*w - 2*b, 0 = 3*w - 5*b + 3 + j. Let h = 38 + w. What is the units digit of h?
2
Let f be 4 + -10 + 5 - -1356. What is the hundreds digit of f/(-2)*4/(-10)?
2
Let s = -34 + 26. Let o(u) = -11*u + 22. What is the tens digit of o(s)?
1
Let v(c) = -4*c - 1. Let g be v(-1). Suppose 2*p + g*b = 171, -7 = -p + b + 86. What is the units digit of p?
0
What is the tens digit of 4*(271 + (-5 - 0))?
6
Let z(j) be the second derivative of -j**6/720 - j**5/60 - j**4/3 - 5*j. Let w(r) be the third derivative of z(r). What is the units digit of w(-3)?
1
Let o be ((-2)/(-6))/(2/24). Let v be -3*o/12*0. Suppose z + 0*z - 22 = v. What is the units digit of z?
2
Suppose -16692 = -b + 5*b. What is the units digit of (-1)/(-7) - b/91?
6
Let d = 104 - 70. Let s = -9 + d. Suppose -a + 5*k = -8 - 31, 5*k + s = 0. What is the units digit of a?
4
Suppose 1465 = 2*c + t, -8*t + 3*t = 5*c - 3660. What is the units digit of c?
3
Suppose 3*m - 1184 = -5*f + 7*m, 0 = -4*f + 2*m + 946. What is the tens digit of (f/6)/(4/18)?
7
Let p = 5 - 1. Suppose -